Let w(f) = 28696*f - 286954. Give w(10).
6
Let h(s) = 13*s + 415. What is h(-25)?
90
Let d(x) = x**2 - 22*x + 25. Calculate d(18).
-47
Let o(m) = 155*m**3 - 2*m**2 - m + 3. What is o(1)?
155
Let i(l) = -596*l - 7769. Calculate i(-13).
-21
Let w(l) = l**3 - 5*l**2 - 7*l + 49. Give w(5).
14
Let j(m) = -m**2 - 106*m - 2717. What is j(-62)?
11
Let f(g) = 35*g**2 - 392*g + 77. What is f(11)?
0
Let u(a) = -a**3 - 15*a**2 + 27*a + 562. What is u(-14)?
-12
Let s(j) = -j**3 - 4*j**2 + 3*j - 301. Calculate s(0).
-301
Let u(p) = -p**3 + 8*p**2 + 4*p - 14. Give u(5).
81
Let k(o) = 3*o**2 - 53*o + 42. Determine k(17).
8
Let k(g) = 42*g**3 - 295*g**2 - 41*g + 336. Determine k(7).
0
Let c(n) = 193*n**2 - 4*n + 2. Determine c(1).
191
Let n(i) = -38*i + 639. Determine n(17).
-7
Let d(t) = -2*t**3 - 3*t**2 + 6*t - 4. What is d(1)?
-3
Let z(h) = 78*h + 30. Determine z(-2).
-126
Let u(o) = 2*o**2 + 41*o - 231. Calculate u(5).
24
Let w(k) = 8*k**3 - 273*k**2 + 33*k + 33. Give w(34).
-1
Let n(x) = -x**2 - 17*x + 333. Give n(18).
-297
Let k(n) = -2*n**3 + 160*n**2 - n + 74. Give k(80).
-6
Let m(v) = -78*v - 935. Give m(-12).
1
Let y(i) = -49*i + 634. Calculate y(13).
-3
Let m(o) = -2*o**2 + 8*o - 6. What is m(1)?
0
Let j(n) = -n**3 - 29*n**2 - 29*n - 25. Give j(-28).
3
Let c(v) = -7*v + 19. Give c(16).
-93
Let w(i) = -129*i - 631. Give w(-5).
14
Let g(w) = 14*w**2 - 34*w + 99. Calculate g(2).
87
Let a(f) = 17*f + 20. Give a(-6).
-82
Let l(p) = 10*p**2 + 633*p + 186. Give l(-63).
-3
Let i(v) = -v**3 - 10*v**2 + 12*v - 2. What is i(-11)?
-13
Let s(f) = -5*f**2 - 71*f + 12. What is s(-13)?
90
Let a(m) = -4*m**3 + 44*m**2 - 110*m - 31. Give a(5).
19
Let b(i) = -i**3 + 58*i**2 - 129*i + 931. Give b(56).
-21
Let t(i) = i**2 - 29*i + 151. Give t(23).
13
Let x(l) = 28*l**2 + 168*l + 1. Calculate x(-6).
1
Let r(i) = -i**3 + 10*i**2 + 284*i + 26. Calculate r(-14).
754
Let u(o) = 2*o**2 - 2753*o - 19364. Calculate u(-7).
5
Let q(h) = 71*h + 330. Determine q(-6).
-96
Let k(p) = -p**3 + 12*p**2 - 23*p + 108. Give k(8).
180
Let d(u) = -u**3 - 22*u**2 - 52*u + 33. What is d(-18)?
-327
Let y(c) = -4*c**2 - 39*c - 39. Determine y(-9).
-12
Let u(k) = 19*k + 102. Calculate u(0).
102
Let b(w) = -w + 89. Calculate b(68).
21
Let r(a) = -2*a**2 + 8719*a + 26178. Give r(-3).
3
Let d(q) = 2*q**2 - 41*q - 17946. Calculate d(-85).
-11
Let v(c) = -c**3 - 8*c**2 - 7*c + 37. Calculate v(-9).
181
Let x(u) = -u**2 - 11*u + 10. Calculate x(-10).
20
Let a(r) = -r**2 - 44*r - 131. Calculate a(-41).
-8
Let h(g) = -g**3 + 21*g**2 - 262*g + 5507. What is h(21)?
5
Let v(t) = -5*t**2 - 83*t - 126. Calculate v(-14).
56
Let i(d) = -24*d - 360. Determine i(-14).
-24
Let o(u) = 18*u - 1237. Calculate o(71).
41
Let o(f) = 2*f**2 + 213*f - 3637. Give o(15).
8
Let g(j) = j**2 + 43*j + 112. Determine g(-38).
-78
Let o(z) = 72*z + 74. Calculate o(-1).
2
Let i(y) = -13*y + 29. What is i(14)?
-153
Let t(z) = -3*z**3 - 19*z**2 + 30. Give t(-5).
-70
Let i(a) = 194*a - 4712. Determine i(25).
138
Let r(o) = -263*o**2 - 541*o - 44. Determine r(-2).
-14
Let x(l) = l**2 + 25*l - 125. Determine x(-23).
-171
Let b(f) = -31*f**3 - 4*f**2 - 7*f - 4. Calculate b(-1).
30
Let c(d) = -d**2 + d - 55. Give c(0).
-55
Let n(s) = 2*s**2 + 31*s + 36. Determine n(-17).
87
Let n(d) = 4*d**2 + 10*d + 24. Give n(4).
128
Let j(n) = 4*n**2 + 32*n + 42. What is j(-13)?
302
Let a(d) = -88*d - 1948. Determine a(-22).
-12
Let t(l) = -4*l**2 - 143*l + 30. Determine t(-38).
-312
Let n(q) = 2*q**2 + 295*q - 3827. Give n(12).
1
Let i(h) = 59*h + 628. Give i(-10).
38
Let v(i) = -2*i**2 + 36*i + 377. What is v(26)?
-39
Let q(d) = -3*d**2 + 235*d + 184. Determine q(79).
26
Let f(s) = 3*s + 167. What is f(0)?
167
Let k(q) = 2*q**3 - 23*q**2 - 12*q + 38. Calculate k(12).
38
Let y(f) = 85*f + 5874. Give y(-69).
9
Let r(h) = -h**3 + 3*h**2 - 11*h - 41. What is r(-3)?
46
Let i(a) = -2*a**2 - 11*a - 47. What is i(-12)?
-203
Let i(x) = 4*x**3 + 83*x**2 + 65*x + 105. Calculate i(-20).
5
Let t(n) = 14*n + 119. Calculate t(-23).
-203
Let d(p) = 74*p - 555. Determine d(8).
37
Let d(t) = 18*t - 78. Determine d(9).
84
Let s(u) = -u**2 + 3*u + 403. Determine s(-18).
25
Let w(z) = -14*z**2 - 61*z + 16. Give w(-5).
-29
Let n(r) = -2*r**2 + 223*r - 1476. Give n(7).
-13
Let w(j) = 3*j - 134. Give w(22).
-68
Let a(f) = f**3 + 8*f**2 - 5*f - 32. Determine a(-6).
70
Let p(x) = -x**3 + 32*x**2 - x - 1778. Determine p(30).
-8
Let f(l) = 65*l**2 - 250*l - 18. Give f(4).
22
Let c(u) = -46*u + 1396. Give c(30).
16
Let m(w) = 2*w**2 + 37*w + 269. Give m(-10).
99
Let c(d) = 1707*d - 18778. Give c(11).
-1
Let a(f) = -f**3 - 21*f**2 - 12*f - 51. Give a(-21).
201
Let p(a) = a**3 + 295*a**2 + 1444*a - 1732. Give p(-290).
8
Let q(i) = 19*i**2 - 2983*i - 16. Give q(157).
-16
Let h(x) = 12*x**2 - 42*x - 84. Calculate h(-2).
48
Let z(l) = 124*l - 455. Calculate z(5).
165
Let h(b) = -11*b - 444. Determine h(-40).
-4
Let j(f) = 316*f + 1544. Determine j(-5).
-36
Let d(j) = -j**3 + 48*j**2 - 551*j + 13. Calculate d(19).
13
Let p(l) = -363*l + 8114. Give p(22).
128
Let i(u) = 2*u**2 - 44*u - 262. Determine i(-5).
8
Let g(z) = 2*z**2 - 38*z - 94. Give g(-2).
-10
Let m(r) = 199*r - 15507. Calculate m(78).
15
Let j(x) = x**3 + 13*x**2 + 8*x - 47. Give j(-12).
1
Let m(a) = -13*a - 743. Calculate m(-49).
-106
Let g(k) = k**3 - 6*k**2 - 3*k + 6. What is g(-3)?
-66
Let j(r) = -26*r - 502. Calculate j(-25).
148
Let z(l) = 4*l - 112. What is z(-7)?
-140
Let i(s) = -318*s - 973. What is i(-3)?
-19
Let o(n) = 4*n**2 + 375*n - 1491. Give o(4).
73
Let g(m) = -28255*m + 254294. Give g(9).
-1
Let x(r) = r + 29. Calculate x(5).
34
Let h(f) = -3*f**3 - 79*f**2 - 24*f + 66. What is h(-26)?
14
Let v(l) = 1013*l + 16229. Determine v(-16).
21
Let o(m) = 170*m + 369. Give o(3).
879
Let g(j) = 4*j**2 + 96*j - 1151. Calculate g(9).
37
Let p(u) = u**2 - 941*u + 11136. What is p(12)?
-12
Let n(g) = g - 23. Determine n(52).
29
Let q(i) = i**3 - 42*i**2 + 42*i + 12. What is q(41)?
53
Let k(v) = -228*v + 2024. Give k(9).
-28
Let k(l) = -2*l**3 - 40*l**2 - 31*l + 172. Determine k(-19).
39
Let u(j) = j**2 - 154*j + 5714. Determine u(93).
41
Let b(f) = 4*f**2 + 284*f + 1327. Determine b(-66).
7
Let a(c) = -c**3 + 42*c**2 - 216*c - 5. Calculate a(36).
-5
Let n(o) = -8*o**2 + 436*o - 1030. Calculate n(52).
10
Let b(x) = x**3 - 27*x**2 - 50*x - 187. Determine b(29).
45
Let s(o) = -o**2 - 10*o + 44. Determine s(-21).
-187
Let u(t) = 3*t**2 + 17*t - 22. Determine u(-7).
6
Let o(a) = a**3 - 6*a**2 + a + 17. What is o(5)?
-3
Let l(b) = -b**3 + 2*b**2 + 3*b + 13. Give l(6).
-113
Let p(d) = -75*d + 33. Determine p(-6).
483
Let m(l) = -l**2 - 725*l - 6440. Determine m(-9).
4
Let y(c) = -23*c**2 - 1174*c - 49. Give y(-51).
2
Let c(d) = -4*d**2 - 55*d - 18. What is c(-15)?
-93
Let c(z) = -z**3 - 25*z**2 - 19*z + 93. Calculate c(-24).
-27
Let t(k) = k**2 + 9*k - 292. Give t(-22).
-6
Let g(s) = s**3 + 76*s**2 + 2*s + 158. Determine g(-76).
6
Let q(z) = 156*z**2 + 3*z + 1. What is q(1)?
160
Let i(w) = -2*w**2 + 123*w - 104. Determine i(61).
-43
Let c(q) = 3*q**2 - 103*q + 887. Give c(18).
5
Let r(u) = -2*u**2 + 8*u + 83. Calculate r(-5).
-7
Let v(j) = -4*j**2 - 63*j + 424. What is v(6)?
-98
Let r(m) = 4*m**3 - 331*m**2 + 239*m + 519. Determine r(82).
-55
Let c(x) = x**2 - 12*x + 23. Give c(7).
-12
Let g(r) = -r**2 - 37*r - 15. Calculate g(-38).
-53
Let z(q) = -6*q**2 + 41*q - 11. Give z(8).
-67
Let m(l) = -7*l**3 - l**2 - 17*l + 34. What is m(2)?
-60
Let z(j) = j**2 + 3*j - 57. Calculate z(-10).
13
Let s(j) = -j**3 + 54*j**2 + 57*j + 50. Give s(55).
160
Let v(g) = -5*g**2 - 176*g + 1225. Calculate v(6).
-11
Let x(q) = -5068*q + 5069. Determine x(1).
1
Let l(n) = n**3 + 2*n**2 + 355*n + 1452. Give l(-4).
0
Let v(n) = -16*n + 332. Determine v(21).
-4
Let n(h) = -102*h + 4828. Calculate n(47).
34
Let s(t) = -t**3 + 23*t**2 + 42*t + 2. What is s(25)?
-198
Let l(b) = 2*b**3 - 43*b**2 + 30*b - 173. Give l(21).
16
Let b(g) = g**2 + 55*g - 327. Calculate b(-60).
-27
Let s(u) = -5*u**2 - 6*u + 9. Determine s(1).
-2
Let f(s) = s**3 - 2*s**2 - 13*s + 4. Determine f(-5).
-106
Let s(q) = 150*q + 158. Determine s(-1).
8
Let v(h) = h**3 - 5*h**2 - 36*h - 7. Calculate v(6).
-187
Let f(w) = 10*w + 63. Give f(-7).
-7
Let o(p) = p**3 - 7*p**2 + 239*p -